4*t = t + q + 31, -4*q - 36 = -4*t. Suppose -5*i + 5 = 0, -3*o + 3*i - 5 + t = 0. What is the units digit of (-24)/16*(-44)/o?
2
Suppose 3*k + 4*t = -233, 0 = 5*t - 2*t + 6. Let v = -3 - k. What is the tens digit of v?
7
What is the tens digit of (-119)/(25/10 + -3) + 4?
4
Let p be 18/12*(2 + 0). Suppose -4*i = -16, 3*g + p*i - i - 74 = 0. What is the units digit of g?
2
Let m(b) = -b - 112. Let p be m(0). Let k = -27 - p. What is the units digit of k?
5
Suppose -2*t + 7*t = 15, 3456 = 3*w - 4*t. What is the tens digit of w?
5
Let x = -189 + 717. What is the hundreds digit of x?
5
Let n = -1 - -5. What is the tens digit of 158 - (12 + n)/(-4)?
6
Let n = -49 + 53. Suppose z - 24 = n. What is the tens digit of z?
2
Let q(g) = -36*g + 3. Let j = -41 - -40. What is the tens digit of q(j)?
3
Let f be 60/(-14) - 6/(-21). Let u be 441/(-36) + (-1)/f. Let n = 16 + u. What is the units digit of n?
4
Suppose 2*f - 24 = -4*f. What is the tens digit of (-1 - 5)*(-30)/f?
4
Suppose -d + 27 + 1 = 0. What is the tens digit of d?
2
Let a be (-30)/(-9)*(288/(-30))/(-8). Suppose a*n - 211 = 477. What is the hundreds digit of n?
1
Let c be 40/(-180) + 3278/9. Suppose -3*n + c = n. What is the units digit of n?
1
Let c(w) = -21*w - 29. Let v(i) = 11*i + 15. Let n(l) = 6*c(l) + 11*v(l). Let s be n(-5). Let p = s - -7. What is the tens digit of p?
2
Let x be 2/(-13) + (-378)/(-91). Suppose -x*s - 110 = -5*s. What is the tens digit of s?
1
Suppose -4*p - 3*i = -5*p + 543, -4*p - 4*i + 2252 = 0. What is the tens digit of p?
5
Suppose 4*p = -5*k - 60, -3*p - 2*p = 2*k + 58. What is the units digit of (-216)/p + (-4)/(-10)?
2
Suppose 0 = a + h - 1, -2*h + 3*h = 4*a - 9. Let z(t) = 3 + 12*t + 4*t - 2*t - a. What is the tens digit of z(4)?
5
Suppose 3*w - 6*w - 2*h = 102, -5*w - 174 = 2*h. Suppose 0 = -2*d + 129 - 19. Let j = d + w. What is the units digit of j?
9
Let l(w) = 169*w - 38. What is the units digit of l(3)?
9
Let z = 238 + -43. What is the units digit of z?
5
Let l(c) be the second derivative of -3*c**5/5 - c**4/3 - c**3/2 + 12*c. What is the units digit of l(-2)?
6
Let x be (6 - (0 + 2)) + -2. Suppose -x*o = 4*d - 292, 2*o + 45 = -d + 112. What is the tens digit of d?
7
Let n = -8 + 9. Let r(a) = 21*a. Let z be r(n). What is the units digit of (z/(-2))/(3/(-6))?
1
Let k(z) = 76*z**2 + z. Let m be k(-1). Suppose -4*n - l = -421, -5*l - 130 = -2*n + m. What is the tens digit of n?
0
What is the tens digit of -2*(-40)/16*(-3930)/(-25)?
8
Let a be (-2)/((-4)/22) + 2. Suppose 4*w + 2 = -2*z, 5*w + a + 48 = 4*z. Suppose 0 = v + 2*v - z. What is the units digit of v?
3
Let m(s) = 13*s**3 - 2*s**2 + 2. Let p be m(-2). Let k = -70 - p. What is the tens digit of k?
4
Let r(t) = t**3 - 3*t**2 + 6*t - 5. Let z be r(2). Suppose 0 = a - z*i - 95, 420 = 3*a + a - 4*i. What is the tens digit of a?
1
Suppose 3*x - 82 = 5*s, 0 = 7*x - 2*x + s - 90. Suppose -x*y = -15*y - 204. What is the tens digit of y?
5
Let t = 48 - 39. What is the units digit of t + 0 + 4/(-8)*0?
9
Let h(u) = u**3 + 4*u**2 - 6*u - 3. Let s be h(-5). Suppose s*q - 2*w - 130 = 0, 4*q - 215 = q - w. What is the tens digit of q?
7
Let b be 1*5 + (-2 - -3). Let z(a) = -2*a**2 + 11*a + 23. Let l be z(7). Suppose -168 = -b*v + l*v. What is the units digit of v?
2
Let m = 8 - -29. Let o(s) = -21*s**2 - s. Let y be o(-1). Let b = m + y. What is the tens digit of b?
1
Suppose -6*g - 5*h = -3*g - 760, -5*h = -g + 220. Suppose -159 + 8 = -3*w - 4*o, 5*o = -5*w + g. What is the units digit of w?
5
Suppose -105*k + 6512 = -97*k. What is the hundreds digit of k?
8
What is the tens digit of (-2 - -4)*1 - (-67 + -5)?
7
Suppose -4*z + 2*z + 240 = 0. Suppose 4*t - 3*k = 185, 4*k = -4*t + t + z. What is the units digit of t?
4
Let l be (-8)/6*135/(-30). Suppose l*a - 3*a = 372. What is the units digit of a?
4
Let m(v) = -v**2 + v + 27. Suppose 0 = 5*o + 7 + 13. Let k be (-4 - -10) + -2 + o. What is the tens digit of m(k)?
2
Let c = 4 - 2. Suppose c*p - 2*f + 10 = 4, -4*p - 5*f - 21 = 0. Let j = p - -38. What is the units digit of j?
4
Suppose -p + 168 = 4*p + 4*d, -4*d + 136 = 4*p. Suppose -4*a + 14 = 3*o, -a - p = -5*o + a. Suppose -14 = -o*v + 70. What is the tens digit of v?
1
Let z(d) = 5*d**3 - 4*d**2 + 3*d + 6. Let v be z(5). Suppose 0 = -n - 4*l + l + 189, 2*l = -3*n + v. What is the tens digit of n?
8
Suppose p = 7*s - 2*s - 13, -19 = -5*p - 3*s. Suppose -13 = -p*k + 99. What is the tens digit of k?
5
Let x = 8 + -5. Suppose -u = -x*u + 238. What is the hundreds digit of u?
1
Suppose 5*c - 3*c - 3*x = 174, 78 = c + 3*x. Let h = c + 1. What is the units digit of h?
5
Suppose 2*p + 36 = -0*p. Let f = p - -32. Suppose -f = -c + 6. What is the units digit of c?
0
Let k = 17 - 0. Let t = k + 17. What is the units digit of t?
4
Let x(b) = 3*b**2 + 23*b - 52. What is the units digit of x(-15)?
8
What is the tens digit of 7*15 - (3 - 0/6)?
0
What is the units digit of 11/(-6) + 2 - 18409/(-246)?
5
Suppose -3916 = -4*x + 3*h, 10*x = 6*x + 2*h + 3912. What is the hundreds digit of x?
9
Let b = -313 + 781. What is the units digit of b?
8
Let u(a) = -4*a - 10. Let v be u(-6). Let m(t) = -2*t + 32. What is the units digit of m(v)?
4
Let w be (0/5)/(-4) + 7. Suppose -w*k = -5*k - 8. Suppose k*t = -d + 17, -d = -t + 1 + 7. What is the units digit of t?
5
Let l(d) = -58*d - 1. Let q be l(-2). Let g = q - 70. What is the tens digit of g?
4
Suppose -5*r = -4*s + 2686, 3*r + 2030 = 3*s + 7*r. What is the units digit of s?
4
What is the thousands digit of 33647/(-21)*-3 - (-46)/161?
4
Suppose 14*m - 2*m = 24. What is the units digit of (81/(-18))/(41/(-20) + m)?
0
Let d(k) = -72*k + 10*k + 33*k - 5. What is the tens digit of d(-3)?
8
Let t be 10 - (2/6)/(1/(-3)). Let q(v) = -v**2 + 15*v - 31. What is the units digit of q(t)?
3
Let c(x) = -x**2 - 8*x - 3. Suppose -26 = 2*v - 5*h, -4*h = 5*v - 5*h + 19. What is the units digit of c(v)?
2
Suppose -2*p + 12 = n + 3*n, -2*n = 5*p - 6. Let g(k) = 24*k - 42. Let q(m) = 8*m - 14. Let a(s) = n*g(s) - 8*q(s). What is the tens digit of a(8)?
5
Let g = -506 + 1024. What is the units digit of g?
8
Suppose 0 = 14*i + 7033 - 32597. What is the hundreds digit of i?
8
Let b(y) = -6*y**3. Let i = -1 + 0. Let c be b(i). Let h(n) = 4*n - 2. What is the units digit of h(c)?
2
What is the hundreds digit of (-241956)/(-378) + (-2)/21?
6
Let q(z) = 3*z - 4*z**2 + 3*z**2 + 24*z**2 + 2*z - 16. What is the hundreds digit of q(3)?
2
Suppose 0 = 18*s - 28*s + 9720. What is the tens digit of s?
7
Suppose 18804 = 16*o - 17660. What is the thousands digit of o?
2
Suppose 20*n - 12 = 24*n. Let b be 3 - (-1)/(n/(-3)). Suppose -b*i = 3*i - 308. What is the units digit of i?
4
Let f = 10 + 183. What is the units digit of f?
3
Let x(u) = -u**2 + 17*u - 13. Let s be x(16). Let o be (10/4 - s)*26. Let m(j) = -j**3 - 12*j**2 + 11*j - 8. What is the units digit of m(o)?
8
Suppose -2567 + 8967 = 10*r. What is the units digit of r?
0
What is the tens digit of ((-5624)/148)/((-2)/25)?
7
Suppose -7*n + 15361 + 15313 = 0. What is the thousands digit of n?
4
Suppose -4 = -4*n, 5*a = n - 190 + 74. Suppose -1 = d + 4. Let g = d - a. What is the tens digit of g?
1
Suppose 5*c - m = 1443, 2*c = -4*m + 60 + 504. Suppose 0*f + 3*d + c = 3*f, -4*f = -3*d - 382. What is the units digit of f?
4
Let j(x) = 15*x**2 - 17*x + 104. What is the units digit of j(5)?
4
Let d(h) = 23*h**3 + 2*h**2 - 30*h - 4. What is the tens digit of d(4)?
8
Let l = 84 + -48. Suppose -k - 3*k = l. Let x(o) = o**2 + 7*o + 7. What is the units digit of x(k)?
5
Suppose 3*b - 2808 = -4*d + 3748, 0 = -5*b + 3*d + 10975. What is the units digit of b?
2
Suppose -3*r - 4503 = -5*u + 15005, -u = 5*r - 3924. What is the hundreds digit of u?
9
Suppose -3*x + 4*a = -64, 3*a - 1 = -13. What is the tens digit of (-143 - x/(-4))/(-1)?
3
Let i(q) = 2*q**2 - 4*q - 30. What is the tens digit of i(12)?
1
Suppose -5*k = -y - 8, y + k - 4 = -0. Suppose -w = -y - 2. Suppose -27 = w*b - 5*b. What is the tens digit of b?
2
Suppose 3*u - 8*u = 40. Let j = u + 12. What is the units digit of (j/(-6))/((-6)/261)?
9
Let u(r) = 1218*r - 589. What is the tens digit of u(5)?
0
Suppose -u = t - 1744, 5*t = 7*t + 4*u - 3492. What is the hundreds digit of t?
7
Let w(r) = r + 6. Let o be w(-4). Le